 g**2 - 37*g - 163. List the prime factors of z(-8).
3, 349
Suppose 3*n + 29 = 5*c, 0 = 4*n + 5*c + 9 + 18. Let o(t) = t**3 + 8*t**2 - t - 6. Let k be o(n). List the prime factors of (35 - k) + -5 + 3.
31
Let a = 625 + -346. What are the prime factors of a?
3, 31
Let l(d) = -3*d - 2 - 3*d**2 + 2*d**2 + d**2 + d**2. What are the prime factors of l(-10)?
2
Let p(x) = -x**3 - 9*x**2 - 22*x - 10. What are the prime factors of p(-12)?
2, 7
Let f(h) = h**3 + 6*h**2 + h + 10. Let s be f(-6). Suppose 0 = -12*t + s*t + 536. Suppose -3*y = -t - 122. List the prime factors of y.
3, 7
Let z = -42 + 32. What are the prime factors of (-13)/4*(2 + z)?
2, 13
Let h = -8 - -2. Let c = 13 + h. Let a(b) = -b**2 + 8*b + 9. What are the prime factors of a(c)?
2
Let k(t) = t**2 - 9*t + 1. Let v(w) = w. Let i(a) = k(a) + 6*v(a). Let x be i(4). Suppose -x*g = 0, 4*b + 0*b - 44 = 4*g. What are the prime factors of b?
11
Suppose 6*a - 2*a - 190 = -f, -174 = -f + 4*a. List the prime factors of f.
2, 7, 13
Suppose 4*y + u + 0*u = 7, 2*u = -2*y + 2. What are the prime factors of 1488/12 - 0/y?
2, 31
Let l = 449 - 320. Let u = l + -92. What are the prime factors of u?
37
Let g(o) = 4*o + 2. Let u be g(1). Let h be 31/(-6) + 1/u. Let r(w) = 4*w**2 + 10*w. What are the prime factors of r(h)?
2, 5
Suppose -g = -2*g. Let h = -173 - -182. Suppose g = 6*y - 3*y - h. List the prime factors of y.
3
Let a(q) = -2*q - 6. Let z(j) = -j**3 - 5*j**2 + 6*j - 3. Let t be z(-6). Let g be a(t). Suppose 3 = -f - 1, -u + 2*f + 10 = g. What are the prime factors of u?
2
Suppose 0 = -b, 3*v - 2 = 2*v - 4*b. Let y(m) = 16*m**3 - 4*m**2 + 6. What are the prime factors of y(v)?
2, 59
Suppose -43*f + 36*f + 12957 = 0. What are the prime factors of f?
3, 617
Let h(p) = -p**2 + 18*p - 14. Let f = -36 - -43. What are the prime factors of h(f)?
3, 7
Let i(p) = 4*p**2 + p. Let q be i(-1). Suppose m + 144 = q*m. List the prime factors of m.
2, 3
Let p(x) = x**3 + 7*x**2 - 13. Let b be p(-7). Suppose 0 = -3*y, 2*y + 2*y = -3*l + 42. Let v = l - b. What are the prime factors of v?
3
Let u be -4 - (0 + 1)*-8. Let h be (-27)/(-6) - (-6)/u. Suppose 10 = -h*r + 76. What are the prime factors of r?
11
Let f be (-2)/7 - (-185)/35. Let h(k) = -f*k - 7 + k**2 + 8 + 6. List the prime factors of h(5).
7
Suppose -2*m - 555 + 45 = 0. Let s = 371 + m. List the prime factors of s.
2, 29
Suppose 59 = -5*x + 2*t - 506, -2*x + 3*t - 215 = 0. Let b = x - -131. What are the prime factors of b?
2
Let m(l) = -11*l**3 - 5*l**2 + 10*l - 30. What are the prime factors of m(-6)?
2, 3, 13
Suppose -m = -4*l - 3, -12 + 3 = 3*l. Let x = m - -9. Suppose -z - 5*z + 288 = x. List the prime factors of z.
2, 3
Suppose -4*h + 16 = -w, -4*w - 4 = 12. Suppose 0 = 2*d + 8, -4*d - 76 = -h*t + 5*t. List the prime factors of -5 + (3 - 1) - t.
3
Let l be 5/(-2) + 7/14. Let b be 5 + l + (29 - -2). Suppose 3*u - b = -4. List the prime factors of u.
2, 5
Let k(y) be the first derivative of 3*y**2/2 + 16*y + 5. Let b be k(18). Suppose b = -6*l + 11*l. List the prime factors of l.
2, 7
Let v be ((-33)/(-12))/(3/24). Suppose v - 2 = 5*p. Suppose 4 = -p*r, -5*t + 0*r = r - 34. List the prime factors of t.
7
Suppose -4*r + 7*r + 24 = 0. Let a = r + 11. Suppose 0 = -5*b + a*d + 180, 3*d - 42 = 4*b - 189. List the prime factors of b.
3, 11
Let j(o) = 3327*o**2 + 23*o - 22. List the prime factors of j(1).
2, 13
Suppose -558*s + 534*s + 49800 = 0. What are the prime factors of s?
5, 83
Suppose -11 + 1103 = 6*x. Let y = -126 + x. What are the prime factors of y?
2, 7
Let p(x) = -1786*x - 34. What are the prime factors of p(-2)?
2, 29, 61
Let m be 8*(19/8 + -3)*4. Let f = m - -66. What are the prime factors of f?
2, 23
Suppose -3*f + 7 = -5. Suppose f = -g - g. What are the prime factors of g + 0 + 23 + -4?
17
Let i(u) = -u**2 + 19*u - 14. Let g be i(8). Suppose g = 3*y - 31. What are the prime factors of y?
5, 7
Let i(y) = -y + 7. Let k be i(4). Suppose -w + 47 = -3*u + k*w, 3*u - 2*w + 43 = 0. Let m = -9 - u. List the prime factors of m.
2
Suppose -4*x - 5*s + 19850 = 0, -2*x - s = 2*x - 19842. List the prime factors of x.
2, 5, 31
Suppose -4 = 5*x - 7*x, 5*g = 4*x + 567. What are the prime factors of g?
5, 23
Let v(a) = -a**3 - 12*a**2 - a + 17. Let s = -32 - -20. What are the prime factors of v(s)?
29
Let r be 3/(-12)*-4 + 3. Suppose -3*x = -5*f + 344, -r*x + 200 = 3*f - 9*x. Suppose 4*t = 18 + f. List the prime factors of t.
2, 11
Let c(z) = -z**2 - 7*z. Let m be c(-6). Let s(o) = 5*o + 5 + o**2 - 4*o - 4*o. List the prime factors of s(m).
23
Let f(c) = 2*c - c + 0*c + 2*c. Let z be f(3). List the prime factors of (z + -5)/((-2)/(-5)).
2, 5
Suppose 3*t = -3*a + 2554 + 893, 2*t = 3*a - 3447. What are the prime factors of a?
3, 383
Suppose -3*v - b = -26 - 2267, 4*v = -4*b + 3052. What are the prime factors of v?
3, 5, 17
Let a = -52 - -181. What are the prime factors of a?
3, 43
Let g(q) = q**2 + 8*q - 11. Suppose 0 = -5*h + 2*j + 18, 0 = -8*h + 12*h + 2*j. List the prime factors of g(h).
3
Let s = -42 + 80. Let o = s - -8. List the prime factors of o.
2, 23
Let p be (6/5)/((-6)/(-20)). Suppose p*i - 18 = -2*i. Suppose 85 = 4*h + a - 75, -i*a = 4*h - 168. What are the prime factors of h?
3, 13
Let q(k) = 30*k - 1. Let p be q(-4). Let i = 219 + p. Suppose -112 = -3*b + c, 4*c - i - 100 = -5*b. What are the prime factors of b?
2, 19
Let u be 12 - (3 + (-4 - -3)). List the prime factors of (u/3 - 2)*18/4.
2, 3
Suppose -59*t + 15 = -62*t. Let w(l) = -l**3 - 4*l + 7. What are the prime factors of w(t)?
2, 19
Suppose 0 = -2*a + 7*a - 120. Let o = a - 38. List the prime factors of (o/8)/((-7)/56).
2, 7
Suppose 4 + 4 = 4*q. Let j(l) = l**3 - 4*l**2 - 4*l + 33. Let t be j(4). Suppose -m - u + t = 0, 2*m + 2*u + q*u - 38 = 0. What are the prime factors of m?
3, 5
Let m(n) = -n**2 - 2*n + 1. Let j be m(-2). Let d(i) = 0*i - j + i + 4*i - 5. What are the prime factors of d(4)?
2, 7
Suppose -p + 4*d = p - 36, 13 = p - d. Let b be (-6)/8 - (-54)/p. Suppose -n + b*n = 100. What are the prime factors of n?
2, 5
Let f = 557 + -230. List the prime factors of f.
3, 109
Suppose 0 = -25*u + 31*u - 4044. What are the prime factors of u?
2, 337
Let n(m) = m**3 + 12*m**2 - 14*m + 17. Let i(g) = 8*g + 1. Let q be i(4). Suppose 7 - q = 2*b. List the prime factors of n(b).
2, 3, 5
Suppose -3*w + 7*w = -t + 164, 0 = -w + 3*t + 41. What are the prime factors of w?
41
Suppose 75*n = 74*n + 54. What are the prime factors of (3 - 0/(-1)) + n?
3, 19
Let h = 958 - 905. List the prime factors of h.
53
Suppose -n - 6*u + u + 1478 = 0, -5*n + 4*u = -7245. List the prime factors of n.
1453
What are the prime factors of (2011/2)/((-8)/(-16))?
2011
Let c(a) = a**2 + 8*a - 5. Let x be c(-9). Suppose -2*g = 6*h - 2*h - 316, 0 = -g - x*h + 158. What are the prime factors of g?
2, 79
Let k(z) = 2*z**2 - 46*z + 15. List the prime factors of k(25).
5, 23
Let l(d) = -5 + 3*d + 11*d**3 - d**2 - 5*d**3 + 0*d**2 - 5*d**3. List the prime factors of l(4).
5, 11
Let d(m) = 6*m - 8. Let o(a) = -a**3 - a**2 + a + 1. Let b be o(-2). Let g be 9 + (-4)/(b - 1). What are the prime factors of d(g)?
2, 17
Suppose 2*u = 4, 3*z - z - 622 = u. Suppose 2*n - z = -0*n. List the prime factors of n.
2, 3, 13
Let m(r) = 8*r**3 - 245*r**2 - 36*r + 37. What are the prime factors of m(31)?
2, 11, 41
Suppose 1156 = 4*c - 1644. Suppose 3*p + y - 430 = 0, -126 = 4*p + 2*y - c. List the prime factors of p.
11, 13
Suppose -h = -4*h. Suppose 0 = 3*m - h*m - 21. What are the prime factors of m?
7
Let l = -38 - -38. Suppose 3*d + 19 - 157 = l. What are the prime factors of d?
2, 23
Let w = 118 + -9. Suppose -2*p + 5*t + w = 0, -t + 144 = 4*p - 41. List the prime factors of p.
47
List the prime factors of (0 + 6)/30*4390.
2, 439
Let z(l) = 4*l**3 - l**2 + 2*l - 3. Let r = -21 - -23. Let m be z(r). Suppose 4*q - 111 = -5*o, 0*q - q + m = o. List the prime factors of q.
2, 17
Let m = -76 + 49. Let u be m/(-9) - (0 - 1). Suppose -v + 167 = 5*k + v, 156 = 4*k - u*v. What are the prime factors of k?
5, 7
Suppose -4*s = -3*n - 5330 - 3462, 0 = -2*s + 2*n + 4398. List the prime factors of s.
5, 439
List the prime factors of (6 - 156)*(-20)/8.
3, 5
Let w be (-216)/7 - 10/70. Let a = -6 - w. List the prime factors of a.
5
List the prime fac